
13
Suppose 0 = 5*a - 2*q + 4*q - 6, 5*a - 3*q - 16 = 0. Let n be (-4 + -26)/((-3)/a). Calculate the greatest common divisor of n and 20.
20
Let u(n) = n**2 + 9*n - 7. Let c be u(-9). Let k be c/(-14) - (-438)/4. Calculate the greatest common divisor of k and 10.
10
Let f = -460 + 508. What is the greatest common factor of 1 and f?
1
Let n(o) = 296*o**3 + 2*o**2 - 3. Let j be n(1). Calculate the highest common divisor of 59 and j.
59
Let c = 17 - 15. Suppose l = -c + 17. Let h = 22 - l. What is the greatest common divisor of h and 7?
7
Let w = -2322 - -2714. Calculate the greatest common factor of w and 280.
56
Let g = -24 - -27. Suppose -2*n = -g*n + 4. Suppose 0 = 4*s + 2*d - 110, 0 = -n*s - 0*d + 2*d + 90. Calculate the highest common factor of s and 50.
25
Suppose 2*d + 8 = 0, 4*o - 12 = d + 4*d. Let h = o + 10. Suppose u - 45 = -13. What is the greatest common divisor of h and u?
8
Suppose -2*g = 5*c + 27, -2*c = -5*g - 4*c - 15. Suppose -34 = -2*s - 0. Let v = s + g. Calculate the highest common factor of v and 32.
16
Let a(y) = -3*y**2 + 28*y + 6. Let q be a(13). Let v = -97 - q. Calculate the greatest common divisor of 8 and v.
8
Let z(k) = -k**3 - 12*k**2 + 12*k + 5. Let w be z(-13). Suppose -5*p + 804 = 2*c, -6*c = 4*p - 2*c - 636. Calculate the greatest common divisor of w and p.
18
Suppose 0 = 2*y - 2*k - 140, 3*y + 2*k - 12 - 188 = 0. Suppose y = 4*q - 460. Calculate the greatest common divisor of q and 33.
33
Let s(q) = q - 5. Let i be s(5). Suppose i = -0*t - 4*t + 40. Let g = -26 - -51. Calculate the greatest common divisor of g and t.
5
Let v = -1501 + 2996. Calculate the highest common divisor of 69 and v.
23
Suppose 0 = f - o - 67, -2*f + 0*o - 4*o = -128. What is the greatest common divisor of 44 and f?
22
Suppose 0 = -k + f + 1, -3 = -2*k - 13*f + 14*f. Calculate the greatest common factor of k and 6.
2
Let v = 4 - 2. Let h = -4 - -11. Let g(l) = 2*l + 8. Let k be g(h). Calculate the greatest common divisor of v and k.
2
Let j = -3 + 17. Let h = -57 + 64. What is the greatest common divisor of h and j?
7
Let m be 11/(-2)*(-11 - -5). Suppose -h + 42 = -m. Calculate the highest common divisor of 15 and h.
15
Suppose -12*p + 98 = 2*x - 10*p, -p - 1 = 0. Calculate the greatest common factor of 125 and x.
25
Suppose 19*k = 238 - 48. What is the greatest common divisor of k and 80?
10
Let d = -639 + 2095. What is the greatest common factor of d and 112?
112
Let p(k) = 3*k**2 + 139*k + 256. Let v be p(-45). Let w be (-2)/4 + 39/2. Calculate the greatest common divisor of w and v.
19
Let g = 55 + -15. Let y be (4/(-10))/((-1)/20). Calculate the highest common divisor of g and y.
8
Suppose 48 = -75*n + 76*n. What is the highest common divisor of n and 696?
24
Suppose -431 - 49 = -15*x. Calculate the greatest common divisor of x and 4.
4
Let y be (-3)/(466/236 - 2). Let s = 38 + y. What is the greatest common factor of s and 12?
12
Let w be (-4)/14*(-49 - -7). What is the highest common factor of 132 and w?
12
Suppose 5*u = -3*j + 7*j - 6941, -u - 6937 = -4*j. Calculate the highest common factor of j and 6.
6
Suppose -4*m + 15*m = -913. Let x = -70 - m. Suppose -3*o + 148 = -125. What is the highest common factor of x and o?
13
Suppose 4*d - 1021 = 211. Let b = 58 - 30. Calculate the highest common divisor of d and b.
28
Let x = -822 + 855. What is the highest common divisor of x and 99?
33
Suppose -4*s - 4*z + 34 = -86, -3*s - 4*z = -94. Calculate the greatest common divisor of s and 416.
26
Suppose -5*s + 22 = -298. Let z = s + -38. Calculate the highest common factor of z and 104.
26
Suppose -17*d + 16*d + n = -17, 2*d = -3*n + 24. Calculate the greatest common divisor of d and 20.
5
Suppose 5*k = -5*u + 660, 3*k - 2*u - 402 = u. Calculate the greatest common factor of 38 and k.
19
Suppose -27 = -2*b + 1. Let z be -1 - (0 - (-1 + 8/4)). Suppose 2*p + z*k - 71 = -k, 3 = 3*k. Calculate the greatest common factor of p and b.
7
Let i = 8 + -1. Suppose l = i - 2. Suppose -c = -l*c + 52. What is the highest common factor of c and 65?
13
Suppose 3*o = m - 2, 3*m + 7*o = 2*o + 6. Suppose -15 = 4*f - 9*f. Suppose 8 + 1 = f*q. What is the greatest common divisor of q and m?
1
Let t be (26/65)/(4/360). Calculate the highest common factor of 27 and t.
9
Let x(j) = -6*j**2 + j. Let y(f) = 7*f**2 - f. Let m(o) = 4*x(o) + 5*y(o). Let n be m(3). Let g = -11 - -23. Calculate the greatest common factor of n and g.
12
Let c = 52 - 17. Suppose 3*g + 2*g = -10. Let a = g + c. Calculate the highest common factor of a and 3.
3
Suppose -11*s = 13*s - 1152. Let f = 18 + -6. Calculate the highest common factor of f and s.
12
Let c(m) = 60*m - 29. Let g be c(6). Suppose -7*l + 329 = -2*l + x, 5*l - g = x. Calculate the greatest common divisor of 22 and l.
22
Let p be (4/(-3))/((-2)/9). Let n(h) = -5*h**3 - h**2 + h + 1. Let f be n(-1). Suppose -f*c - 4 = -p*c. Calculate the greatest common divisor of 18 and c.
2
Let n = -13 + 27. Let d(u) = -10*u**2 + 6*u - 5. Let j be d(2). Let w be 6/j - (-936)/66. What is the highest common factor of n and w?
14
Let j(i) = -2*i**2 + 14*i + 33. Let w be j(8). What is the greatest common divisor of w and 1003?
17
Suppose -38*h = -5*h - 1980. Suppose -235 = -3*b + 80. Let j = b - h. What is the highest common factor of j and 9?
9
Suppose -3*x = -2*y - 24, -y + 5*x - 3 = 2. Suppose 11*b - 14 = 261. Let i = b + y. What is the greatest common divisor of i and 10?
10
Suppose -2*h + 15 + 17 = 0. Calculate the highest common divisor of h and 24.
8
Let q be (-1)/(-2)*(-3 - -13). Suppose 3*w + 4*l = -l + 185, q*l = w - 55. Let z be (-62)/(-5) + 2/(-5). Calculate the greatest common divisor of z and w.
12
Let s be 32 + -1 + (0 - 1). Let w(i) = i + 17. Let d be w(-13). Suppose d*k = y + 40, 2*y + 0*y - 30 = -3*k. Calculate the highest common divisor of s and k.
10
Suppose 166 - 178 = -2*h. Let n(b) = 9*b - 9. Suppose 0 = -d - 0*d + 7. Let r be n(d). Calculate the highest common divisor of h and r.
6
Let t be (-300)/35*(-28)/8. What is the greatest common divisor of t and 140?
10
Suppose 5 = 3*s + 41. Let m = 2 + s. Let w = m - -12. Calculate the greatest common divisor of 16 and w.
2
Let z(h) = 2*h**3 - 10*h**2 - 7*h - 39. Let g be z(9). Calculate the greatest common factor of g and 42.
42
Let u = 946 + -540. Calculate the highest common factor of 58 and u.
58
Let i = 16 - 4. Suppose 7*p - 315 = 10*p. Let x = -45 - p. Calculate the greatest common divisor of x and i.
12
Let b be (-2 - 1)/(-1 + 2). Let c be (0 - b) + (-6)/2. Suppose 2*o + 7 - 33 = c. What is the greatest common factor of 91 and o?
13
Let x = -506 - -1045. What is the highest common factor of x and 22?
11
Let p be 55 - 0/(1 - 6/2). Let w = -35 - -46. Calculate the greatest common divisor of w and p.
11
Let c = -2562 + 3162. Calculate the greatest common divisor of 36 and c.
12
Let h be 182/5 + 304/190. What is the greatest common divisor of h and 1007?
19
Let s be -1 - (-4*1 + 0). Suppose -7*w + 4*w - 6 = 0, 2*f + 74 = -5*w. Let j = -29 - f. What is the highest common divisor of j and s?
3
Suppose -3*f - 51 = -3*v, -4*v - f + 87 - 9 = 0. What is the highest common factor of v and 2?
1
Let s(d) = d + 11. Let b be s(-8). Let v be 10/b + 10/15. Let x = v - -3. What is the highest common divisor of x and 28?
7
Let y be 3 + -2 + (25 - 4). Suppose -4*z = -6 - y. Let a(v) = 7*v**2. Let j be a(3). What is the greatest common divisor of z and j?
7
Let j(p) = -p + 145. Let h(d) = d - 72. Let y(g) = 5*h(g) + 3*j(g). Let r be y(0). What is the highest common factor of r and 30?
15
Suppose -3*d - 3*l + 8*l = -31, 0 = 2*d - 5*l - 19. What is the highest common divisor of d and 10?
2
Suppose -d - 21 - 25 = -5*r, 3*d - 3*r + 78 = 0. Let x = d - -25. Suppose c - 23 = x. What is the highest common divisor of c and 3?
3
Suppose 0 = 2*c + 2*t - 18, -2*c = -t - 3 - 0. Suppose -v = -c*v + 2*o + 74, 92 = 4*v - o. Calculate the greatest common divisor of v and 33.
11
Suppose 7*l - 3*a - 50 = 2*l, 0 = 2*l - 5*a - 1. Let u be 2*(12 + -5) + -1. What is the highest common divisor of u and l?
13
Let x = -253 - -118. Let d = x + 256. What is the greatest common divisor of d and 11?
11
Suppose 0 = -2*j - 3*m + 24 + 186, 4*j - 420 = -m. Let y = 185 - j. Calculate the greatest common divisor of 